ded by 40/15*(-18)/y?
10
Suppose 3*l = -2*l - 2*v, 0 = 2*l - 3*v - 19. Let j(i) = 11*i**2 - 4*i + 3. Calculate the remainder when j(l) is divided by 444/22 + -9*(-14)/(-693).
19
Suppose 0 = 3*f - 92*a + 94*a - 2048, 696 = f + 4*a. What is the remainder when f is divided by 11?
9
Let m(p) = 4*p**2 - 4*p. Let v be m(3). Let k = -20 + v. What is the remainder when (k + -7 - -3) + 118 is divided by 30?
28
Let f(b) = 2*b**2 + 33*b + 28. What is the remainder when f(-17) is divided by 7?
3
Let m(x) = 19*x**3 + 2*x**2 - 5*x + 4. Let q = 1 + -3. What is the remainder when m(1) is divided by (-666)/(-81) - q/(-9)?
4
Suppose 0 = -7*u + 13*u - 36. Let t(f) = -20*f**3 + f**2. Let p = 2 + -3. What is the remainder when t(p) is divided by u?
3
Suppose 4*r = 129 + 227. Let o(t) = 9*t**2 - 6. Calculate the remainder when r is divided by o(2).
29
What is the remainder when ((-222)/8)/((-12)/16) is divided by 9?
1
Suppose -5*o = -a + 2 - 29, 0 = 4*o - 5*a - 30. Suppose -u + v + 5 = -4, -13 = -u + o*v. Calculate the remainder when u is divided by 3.
2
Suppose -4*j + 43 + 36 = -3*h, -h = 4*j - 59. Let o = -3 + 4. Calculate the remainder when j is divided by (o - 16)/((-3)/2).
6
Let t(n) = 4*n**2 - 2. Let g be t(-5). Let a = g - 69. Calculate the remainder when 81 is divided by a.
23
Suppose 0 = 13*j - 15*j + 10. Suppose -4*i + j*i + 2*d - 19 = 0, 0 = i - d - 16. Let p = 0 - -10. What is the remainder when i is divided by p?
7
What is the remainder when 7/((-28)/(-12))*59 + -2 is divided by 10?
5
Let t be 2 - 12/(-8) - 9/(-6). Suppose t*g - 32 = g. Let c(k) = -k**2 - k + 13. What is the remainder when c(0) is divided by g?
5
Let g = -8 + 34. Suppose 0 = -2*d + 5*h - 0*h + 2, -h + g = 4*d. What is the remainder when 28 is divided by d?
4
Suppose -40*v + 108 + 452 = 0. Suppose 0 = -7*p + 3*p + 20. Let b = p - -20. What is the remainder when b is divided by v?
11
Let k = 61 + -140. Let c = 142 + k. What is the remainder when c is divided by (1 + -3)*-2*4?
15
Suppose -19*h + 23*h = 1100. What is the remainder when h is divided by 28?
23
Suppose 20*b = 28 + 172. What is the remainder when 359 is divided by b?
9
Let g(p) = p**3 + 5*p**2 - 7*p - 2. Let c be g(-6). Calculate the remainder when 30 is divided by (-76)/(-6) + c/(-6) + -1.
8
Let r(k) = -k**3 + 4*k**2 + 12*k. Let p be r(6). Suppose p = -2*s + 5*a + 28, -s + 0*a + 14 = 5*a. What is the remainder when 54 is divided by s?
12
Let u(w) = 3*w - 4. Let k be 137/4 + 2 - 8/32. What is the remainder when ((-280)/(-3))/7*k/15 is divided by u(7)?
15
Suppose -57 + 211 = 11*d. What is the remainder when 1018 is divided by d?
10
Suppose -b + n - 2*n + 37 = 0, 5*n = -4*b + 147. What is the remainder when 74 is divided by b?
36
Suppose -8*d + 415 = 39. What is the remainder when 2959 is divided by d?
45
What is the remainder when 14/(-6) - (-7136)/24 is divided by 100?
95
Let r = 28 + -10. Let c = 7605 - 7534. Calculate the remainder when c is divided by r.
17
Let y(x) = x**3 + 2*x**2 - 5*x - 8. Let d be y(-4). Let s = 0 - d. Let c(j) = -2*j - 3. Calculate the remainder when s is divided by c(-5).
6
Let v = 17 + 47. Let t = v - 53. Calculate the remainder when 53 is divided by t.
9
Let q = 6 + -3. Suppose 5*d + 2 - 11 = 3*u, q*d - 17 = -4*u. Suppose 788 - 229 = 52*a - 9*a. Calculate the remainder when a is divided by d.
1
Let d(h) = h**3 + 4*h**2 - 5*h - 15. Suppose 0 = s - 3*s - 2. Calculate the remainder when s/4 - 228/(-16) is divided by d(-2).
2
Let g = 159 + -66. Calculate the remainder when g is divided by 8.
5
Suppose -4*v = -r + 286, -6*r - 347 = 5*v - 2*r. Let q = 105 + v. What is the remainder when q is divided by 6?
4
Suppose 3*u - 29 + 2 = 0. Calculate the remainder when 51 is divided by u.
6
Let x = -693 + 763. Let y = -15 - -27. Calculate the remainder when x is divided by y.
10
Let c(z) = -z - 1. Let h be c(-3). Suppose 31 = -h*x + 3*x. Calculate the remainder when x is divided by -3 - -1 - 13/(-1).
9
Let j be 2/(-2) - (-12)/(-2). Let n = 9 + j. What is the remainder when 58 is divided by (-1)/n*8 + 19?
13
Suppose 5*o + 5*a = 775, 5*a - 7*a - 167 = -o. What is the remainder when o is divided by 112?
47
Suppose 26*p - 22*p - 410 = 2*n, 3*n = 4*p - 415. What is the remainder when p is divided by 16?
4
Suppose 0 = 2*m + 4*m - 120. Calculate the remainder when 86 is divided by m.
6
Let h(k) = -k**2 - 5*k + 10. Calculate the remainder when 38 is divided by h(-5).
8
Suppose 0*l - 105 = -5*y - 5*l, 0 = -4*y + 5*l + 39. Suppose -5*a + 78 = -d - 30, 3*d + y = a. Let r = -37 + 102. What is the remainder when r is divided by a?
21
Suppose -6*j = v - 2*j, j = -4*v + 15. Suppose -4*f + v*x + 53 = 3*x, -4*f + 28 = 4*x. Suppose -2*s = -s - 47. Calculate the remainder when s is divided by f.
11
Let c = -420 - -283. Let y = -127 - c. What is the remainder when 67 is divided by y?
7
Suppose 2*i = -4*h + 22 - 4, 0 = 4*h - 12. Calculate the remainder when 33*(-4 - (-130)/30) is divided by i.
2
Calculate the remainder when (7 + -1)/((-3)/(81/(-6))) is divided by 11 - -4 - (-1 + 2).
13
Let c = 10 + 2. Let f(k) be the first derivative of -3*k**2/2 - 5*k - 3. Calculate the remainder when f(-9) is divided by c.
10
Let g(p) = p - 22. Let f be g(0). Let l = -30 - -60. What is the remainder when l is divided by (-4 + 1)/(6/f)?
8
Let v = -942 + 957. Calculate the remainder when 54 is divided by v.
9
Let h = 207 + -13. Suppose -39 + h = 5*v. What is the remainder when v is divided by 11?
9
Let g = 60 + -56. What is the remainder when 33 is divided by g?
1
Suppose 2 + 0 = -v. Let o be (9/(-15))/(v/210). Calculate the remainder when 15 is divided by 238/o + (-4)/(-18).
3
Suppose 57*u - 76*u = -247. What is the remainder when -3*1/((-6)/74) is divided by u?
11
Let a = -11 - -14. Suppose -a*t - 4 = -4*t. Suppose -6*v = -t*v - 8. What is the remainder when 13 is divided by v?
1
Suppose 0*d = 3*d + 5*u - 635, -4*u = 20. Let k = 308 - d. Calculate the remainder when k is divided by 30.
28
Suppose 4*i - 37 = -3*q, -6*q + 2*q + 66 = 2*i. Calculate the remainder when 1/(-6) - (-445)/6 is divided by q.
17
Suppose 0*r - 4*r = -3*u - 1, -3*r = -5*u + 13. Calculate the remainder when 45 is divided by r.
1
Suppose -341 = -2*r + 349. Suppose -r = -6*i - 39. Calculate the remainder when i is divided by 26.
25
Let w = -11 - -498. What is the remainder when w is divided by 35?
32
Suppose -112 = -4*b + 5*z, -b - 9*z + 5*z + 49 = 0. Calculate the remainder when b is divided by 21.
12
Suppose 0 = -2*v + 3*s + 149, 331 = 4*v + 181*s - 176*s. What is the remainder when v is divided by 26?
1
Let t = 41 + -13. What is the remainder when (t/84)/(2/642) is divided by 22?
19
Let o be (-2 - -3)/((-2)/(-4)). Suppose -s = 4*j + o*s - 14, -4*j + 6 = -s. Calculate the remainder when 0 + j + -3 + 41 is divided by 14.
12
Let v = -18 + 26. Calculate the remainder when 24*(-6)/((-144)/30) is divided by v.
6
Let v = 37 - 33. Suppose -126 = -v*h + 98. Calculate the remainder when h is divided by (0 - 15)*1/(-1).
11
Suppose 0 = 436*q - 432*q + 5*i - 32, q - 8 = -4*i. Suppose 0 = w - 4 - 9. What is the remainder when w is divided by q?
5
Suppose 4*w - 15*s - 160 = -10*s, 0 = -4*w - s + 136. Calculate the remainder when 123 is divided by w.
18
Let s = -49 - -72. Suppose s*j - 144 = 19*j. Calculate the remainder when 104 is divided by j.
32
Suppose -5*h + 235 = w, -3*h = -5*w + 489 + 602. What is the remainder when w is divided by 14?
10
Suppose -458 + 1938 = 37*c. Let d = 253 - 56. What is the remainder when d is divided by c?
37
Suppose 0 = -v - 5, -v - 148 = 4*b - 415. What is the remainder when 405 is divided by b?
65
Suppose 8370 = -14*b + 68*b. What is the remainder when b is divided by 29?
10
Let f(i) = 3*i - 69 + 34 + 31. Calculate the remainder when f(4) is divided by 6.
2
Let c(i) = -4*i - 2. Let z be c(-1). Suppose -21 = -v + z*h, -2*h = 3*v - v - 48. What is the remainder when 66 is divided by v?
20
Suppose 3*j + j - 24 = 0. Suppose 12*o + 20 = 14*o + 3*k, -5*o = -5*k. Calculate the remainder when j is divided by o.
2
Let y(o) = 10*o + 5. Suppose 2*m - 24 = -4*f, 4*m = 2*f + 2*f - 12. Calculate the remainder when y(f) is divided by 14.
13
Suppose -q = 2*q - 15, 3*f - 145 = -5*q. Calculate the remainder when 117 is divided by f.
37
What is the remainder when 98 is divi